at is the highest common factor of 8068020 and 660?
60
Calculate the highest common factor of 5616736 and 9376.
32
What is the greatest common factor of 1910280 and 1770?
30
Calculate the highest common factor of 429 and 44185207.
11
What is the greatest common divisor of 24398457 and 2511?
93
What is the highest common divisor of 21319155 and 16263?
117
What is the greatest common divisor of 1111 and 11935?
11
Calculate the greatest common factor of 39603118 and 4316.
166
Calculate the greatest common divisor of 4681 and 7886881.
151
What is the highest common divisor of 295296 and 83412?
12
Calculate the highest common divisor of 25189037 and 44098.
1297
What is the highest common divisor of 11462 and 242198?
22
What is the greatest common factor of 154 and 9812330?
22
What is the highest common factor of 3363305 and 176?
11
What is the highest common divisor of 3182 and 41571239?
1591
What is the highest common divisor of 72262672 and 112?
16
What is the highest common factor of 14120854 and 1914?
638
What is the greatest common divisor of 3235 and 3129419305?
3235
What is the highest common factor of 174538592 and 24?
8
Calculate the highest common factor of 8792919 and 54.
9
What is the greatest common divisor of 872083 and 629?
17
What is the highest common factor of 4436455 and 20?
5
What is the highest common factor of 3744285 and 445?
5
What is the greatest common factor of 46758512 and 48?
16
Calculate the greatest common factor of 143586 and 16326.
18
What is the highest common factor of 914316 and 1924?
52
Calculate the highest common factor of 1145 and 3721708.
229
Calculate the highest common factor of 67712004 and 15.
3
What is the highest common factor of 17110980 and 2052?
108
What is the highest common factor of 32230527 and 24?
3
Calculate the greatest common factor of 311204 and 9188.
4
What is the highest common factor of 21146 and 129928?
218
What is the highest common divisor of 1115638725 and 100?
25
Calculate the highest common divisor of 616 and 173284.
4
What is the greatest common factor of 470527 and 195880?
83
What is the greatest common divisor of 1878 and 4705642?
626
What is the highest common divisor of 324 and 27832584?
12
Calculate the greatest common factor of 2500940 and 8476.
52
What is the highest common divisor of 157554 and 596727022?
17506
Calculate the greatest common factor of 3434 and 52054.
34
What is the highest common divisor of 5355 and 33087015?
765
What is the greatest common divisor of 1185 and 96585795?
1185
What is the greatest common factor of 4217225 and 1075?
1075
Calculate the highest common factor of 3648 and 99732.
12
Calculate the highest common factor of 18 and 29665296.
18
What is the greatest common divisor of 2349 and 284268150?
783
Calculate the highest common divisor of 400359600 and 750.
150
Calculate the highest common factor of 49348357 and 502.
251
Calculate the greatest common divisor of 1085190750 and 210.
210
Calculate the highest common factor of 47492 and 24519277.
383
What is the highest common factor of 20992360 and 12035?
415
Calculate the highest common factor of 10625721 and 3.
3
What is the highest common divisor of 5397722 and 176550?
2354
What is the greatest common factor of 2261 and 913767?
323
Calculate the greatest common factor of 104676327 and 252.
63
Calculate the highest common divisor of 7 and 95034569.
7
What is the highest common divisor of 101 and 6632?
1
What is the highest common factor of 2295936 and 288384?
384
Calculate the highest common divisor of 8249 and 1555445.
113
What is the highest common factor of 20269792 and 167?
167
Calculate the highest common factor of 4194 and 168176604.
1398
What is the highest common divisor of 224836311 and 15414?
7707
What is the highest common factor of 24 and 576676392?
24
What is the highest common divisor of 8415 and 1722699?
99
Calculate the greatest common factor of 2711721476 and 68.
68
Calculate the highest common divisor of 2035137 and 403.
13
What is the highest common divisor of 13919 and 2263858?
449
What is the greatest common divisor of 67135 and 131515?
145
Calculate the highest common divisor of 4082 and 4.
2
What is the greatest common factor of 51318372 and 196?
28
What is the highest common divisor of 348 and 30381444?
348
Calculate the highest common divisor of 113070 and 9960.
30
Calculate the highest common divisor of 3119190 and 165.
15
Calculate the highest common factor of 13707 and 8751.
3
What is the greatest common divisor of 7623 and 733887?
693
What is the highest common divisor of 11610 and 858108?
258
What is the greatest common factor of 125633548 and 447517?
9133
What is the greatest common factor of 107280 and 329985?
45
Calculate the highest common factor of 4090 and 1910.
10
What is the highest common divisor of 726 and 122592118?
242
What is the highest common divisor of 120482 and 569026?
214
What is the highest common divisor of 501515 and 34730?
115
What is the greatest common divisor of 8053542 and 132986?
2254
Calculate the highest common divisor of 34725 and 11295.
15
Calculate the highest common factor of 5848 and 915314.
34
What is the highest common divisor of 166269 and 495786?
57
What is the greatest common factor of 259749511 and 833?
119
Calculate the greatest common factor of 147310884 and 54684.
7812
Calculate the greatest common factor of 785334 and 22331.
163
What is the highest common divisor of 307167 and 5397?
21
Calculate the highest common divisor of 79776 and 3678.
6
What is the highest common divisor of 41192 and 2483984?
152
What is the highest common divisor of 138692646 and 2066?
2066
Calculate the highest common divisor of 751190 and 380.
10
Calculate the greatest common divisor of 53814 and 1542.
6
Calculate the greatest common divisor of 1867500 and 66566.
166
What is the greatest common factor of 71488840 and 29960?
4280
What is the highest common divisor of 1208123963 and 1073?
1073
What is the highest common divisor of 177552 and 65808?
144
What is the greatest common factor of 2096309 and 613793?
1961
What is the highest common factor of 1020 and 47285220?
60
Calculate the greatest common divisor of 4127710 and 10.
10
Calculate the highest common divisor of 4213303 and 31.
31
Calculate the highest common divisor of 3824616 and 3054831.
8103
Calculate the greatest common factor of 709543 and 1607383.
1247
Calculate the greatest common divisor of 2742120 and 120.
120
Calculate the highest common factor of 1190800 and 3554200.
2600
What is the greatest common factor of 96 and 3082656?
96
Calculate the greatest common factor of 2 and 1940877.
1
Calculate the highest common factor of 44979574 and 3534.
1178
What is the greatest common divisor of 355 and 364381798?
71
Calculate the greatest common divisor of 34875601 and 17.
1
Calculate the greatest common divisor of 265 and 6018733.
53
What is the greatest common divisor of 1872 and 2628288?
1872
What is the greatest common factor of 907875 and 10?
5
What is the greatest common factor of 5088 and 366548?
212
Calculate the highest common factor of 704 and 78298.
22
Calculate the highest common divisor of 7689 and 97647737.
2563
Calculate the highest common factor of 11902 and 3362856.
1082
What is the highest common divisor of 25675 and 349375?
325
What is the greatest common factor of 240 and 26347380?
60
What is the greatest common divisor of 228 and 1879824?
12
Calculate the highest common divisor of 8080467 and 1110.
111
Calculate the highest common factor of 40 and 77921910.
10
Calculate the greatest common factor of 357 and 39650783.
17
Calculate the greatest common divisor of 622195 and 22272.
29
Calculate the highest common factor of 21808302 and 6.
6
What is the highest common factor of 56545152 and 432?
48
Calculate the highest common divisor of 2980410 and 432.
6
Calculate the greatest common factor of 39 and 6124122.
3
Calculate the highest common divisor of 74011 and 781529.
679
Calculate the greatest common factor of 54327 and 273.
273
Calculate the greatest common factor of 68854842 and 36.
18
What is the highest common factor of 139390 and 11469430?
2630
What is the greatest common divisor of 1646114 and 289738?
914
What is the greatest common divisor of 48 and 68005312?
